{"id":61,"date":"2016-11-13T18:35:26","date_gmt":"2016-11-13T17:35:26","guid":{"rendered":"http:\/\/orguesaintpierredalbigny.fr\/?page_id=61"},"modified":"2026-01-09T20:08:10","modified_gmt":"2026-01-09T19:08:10","slug":"page-daccueil","status":"publish","type":"page","link":"https:\/\/orguesaintpierredalbigny.fr\/","title":{"rendered":"Accueil"},"content":{"rendered":"<figure id=\"attachment_4\" aria-describedby=\"caption-attachment-4\" style=\"width: 121px\" class=\"wp-caption alignleft\"><img loading=\"lazy\" decoding=\"async\" class=\"wp-image-4\" src=\"https:\/\/orguesaintpierredalbigny.fr\/wp-content\/uploads\/2016\/11\/orgue_St_Pierre012_eclaircie_allegee-R-240-C.jpg\" alt=\"Orgue de Saint-Pierre d'Albigny\" width=\"121\" height=\"122\" srcset=\"https:\/\/orguesaintpierredalbigny.fr\/wp-content\/uploads\/2016\/11\/orgue_St_Pierre012_eclaircie_allegee-R-240-C.jpg 240w, https:\/\/orguesaintpierredalbigny.fr\/wp-content\/uploads\/2016\/11\/orgue_St_Pierre012_eclaircie_allegee-R-240-C-150x150.jpg 150w\" sizes=\"auto, (max-width: 121px) 85vw, 121px\" \/><figcaption id=\"caption-attachment-4\" class=\"wp-caption-text\">Orgue de Saint-Pierre-d&rsquo;Albigny<\/figcaption><\/figure>\n<p>Bienvenue\u00a0sur le site de l&rsquo;Association des amis de l&rsquo;orgue de <a href=\"http:\/\/www.saintpierredalbigny.fr\/\" target=\"_blank\" rel=\"noopener\">Saint-Pierre-d&rsquo;Albigny<\/a><\/p>\n<p>&nbsp;<\/p>\n<p>&nbsp;<\/p>\n<p><strong>Tous nos voeux pour 2026 !\u00a0<\/strong><br \/>Suivez le programme ! L&rsquo;association vous propose toujours des concerts de qualit\u00e9, une classe d&rsquo;orgue, et des visites de l&rsquo;orgue, lors des Journ\u00e9es du Patrimoine ou \u00e0 l&rsquo;occasion de passage d&rsquo;associations d&rsquo;organistes.\u00a0<\/p>\n<h1>Concert du Nouvel An &#8211; A quatre mains &#8211;\u00a0 18 janvier 2026 \u00e0 17h<\/h1>\n<p>Avec Lucie et Alexis DROY (orgue). Un programme r\u00e9jouissant \u00e0 4 mains , retransmis sur grand \u00e9cran, avec Haendel, Muffat, Bach, Hesse, Carol, Mozart.\u00a0<\/p>\n<p><img loading=\"lazy\" decoding=\"async\" class=\"aligncenter size-large wp-image-573\" src=\"https:\/\/orguesaintpierredalbigny.fr\/wp-content\/uploads\/2026\/01\/Lucie-et-Alexis-Droy-horizontake-1024x683.jpg\" alt=\"Lucie et Alexis DROY\" width=\"840\" height=\"560\" srcset=\"https:\/\/orguesaintpierredalbigny.fr\/wp-content\/uploads\/2026\/01\/Lucie-et-Alexis-Droy-horizontake-1024x683.jpg 1024w, https:\/\/orguesaintpierredalbigny.fr\/wp-content\/uploads\/2026\/01\/Lucie-et-Alexis-Droy-horizontake-300x200.jpg 300w, https:\/\/orguesaintpierredalbigny.fr\/wp-content\/uploads\/2026\/01\/Lucie-et-Alexis-Droy-horizontake-768x512.jpg 768w, https:\/\/orguesaintpierredalbigny.fr\/wp-content\/uploads\/2026\/01\/Lucie-et-Alexis-Droy-horizontake-1536x1024.jpg 1536w, https:\/\/orguesaintpierredalbigny.fr\/wp-content\/uploads\/2026\/01\/Lucie-et-Alexis-Droy-horizontake-2048x1366.jpg 2048w, https:\/\/orguesaintpierredalbigny.fr\/wp-content\/uploads\/2026\/01\/Lucie-et-Alexis-Droy-horizontake-1200x800.jpg 1200w\" sizes=\"auto, (max-width: 709px) 85vw, (max-width: 909px) 67vw, (max-width: 1362px) 62vw, 840px\" \/>Entr\u00e9e payante.<\/p>\n<h1>Ensemble vocal Cantabile, et orgue &#8211;\u00a0 10 mai \u00e0 17h<\/h1>\n<p>L&rsquo;ensemble vocal Cantabile est originaire d&rsquo;Albertville. Il est dirig\u00e9 par Blanche Latour. Avec Stan THEODAS \u00e0 l&rsquo;orgue, que nous avions d\u00e9j\u00e0 re\u00e7u ici lorsqu&rsquo;il \u00e9tait un tout jeune talent.\u00a0<\/p>\n<p>Entr\u00e9e payante.\u00a0<\/p>\n<h1>Audition des \u00e9l\u00e8ves de la classe d&rsquo;orgue de St-Pierre d&rsquo;Albigny &#8211; dimanche 7 juin \u00e0 17h<\/h1>\n<p>La classe d&rsquo;orgue dont le professeur est Laurent Carle, propose une audition \u00e0 entr\u00e9e libre, pour vous faire d\u00e9couvrir tout ce qu&rsquo;on peut jouer sur cet orgue, sans \u00eatre professionnel !\u00a0 De tout d\u00e9butants \u00e0 \u00e9l\u00e8ves bien confirm\u00e9s, ce nouveau rendez-vous bisannuel permettra de go\u00fbter de la musique d&rsquo;orgue par des musiciens amateurs locaux.\u00a0<\/p>\n<p>Entr\u00e9e libre.\u00a0<\/p>\n<h1>Stage d&rsquo;orgue &#8211; juillet\u00a0<\/h1>\n<p>Un stage d&rsquo;orgue organis\u00e9 par Thibaut DURET &amp; de nombreux organistes a lieu depuis 2025 en Savoie. L&rsquo;orgue de St-Pierre d&rsquo;Albigny fera partie des instruments d\u00e9di\u00e9s \u00e0 ce stage, et vous pourrez entendre le r\u00e9sultat.\u00a0<\/p>\n<h1>Journ\u00e9es du Patrimoine &#8211; samedi 19 septembre 10h-12h<\/h1>\n<p>Venez d\u00e9couvrir l&rsquo;orgue de pr\u00e8s \u00e0 la tribune. Visite comment\u00e9e et illustrations musicales. Enfants bienvenus.\u00a0<\/p>\n<h1>\u00a0Orgue et Nyckelharpa- 27 septembre \u00e0 17h<\/h1>\n<p>Elise ROLLIN (orgue) et Annette OSANN (Nyckelharpa)<\/p>\n<p>Ce concert exceptionnel sera l&rsquo;occasion de d\u00e9couvrir un instrument rare, le Nyckelharpa, d&rsquo;origine su\u00e9doise.\u00a0<\/p>\n<p><img loading=\"lazy\" decoding=\"async\" class=\"aligncenter size-large wp-image-579\" src=\"https:\/\/orguesaintpierredalbigny.fr\/wp-content\/uploads\/2026\/01\/Nyckelharpa-1024x576.jpg\" alt=\"\" width=\"840\" height=\"473\" srcset=\"https:\/\/orguesaintpierredalbigny.fr\/wp-content\/uploads\/2026\/01\/Nyckelharpa-1024x576.jpg 1024w, https:\/\/orguesaintpierredalbigny.fr\/wp-content\/uploads\/2026\/01\/Nyckelharpa-300x169.jpg 300w, https:\/\/orguesaintpierredalbigny.fr\/wp-content\/uploads\/2026\/01\/Nyckelharpa-768x432.jpg 768w, https:\/\/orguesaintpierredalbigny.fr\/wp-content\/uploads\/2026\/01\/Nyckelharpa-1536x865.jpg 1536w, https:\/\/orguesaintpierredalbigny.fr\/wp-content\/uploads\/2026\/01\/Nyckelharpa-2048x1153.jpg 2048w, https:\/\/orguesaintpierredalbigny.fr\/wp-content\/uploads\/2026\/01\/Nyckelharpa-1200x675.jpg 1200w\" sizes=\"auto, (max-width: 709px) 85vw, (max-width: 909px) 67vw, (max-width: 1362px) 62vw, 840px\" \/><\/p>\n<p>Entr\u00e9e payante.\u00a0<\/p>\n<p>&nbsp;<\/p>\n<p>Musicalement,<br \/>L&rsquo;association des Amis de l&rsquo;Orgue de Saint-Pierre-d&rsquo;Albigny<\/p>\n<div>\u00a0<\/div>\n<div>\n<h1>Contacter l&rsquo;association :<\/h1>\n<\/div>\n<div>\n<p>Vous pouvez contacter l&rsquo;association par mail :<\/p>\n<p style=\"padding-left: 30px;\"><img loading=\"lazy\" decoding=\"async\" class=\"size-medium wp-image-38 aligncenter\" src=\"https:\/\/orguesaintpierredalbigny.fr\/wp-content\/uploads\/2016\/11\/Email-Info-300x29.jpg\" alt=\"\" width=\"300\" height=\"29\" srcset=\"https:\/\/orguesaintpierredalbigny.fr\/wp-content\/uploads\/2016\/11\/Email-Info-300x29.jpg 300w, https:\/\/orguesaintpierredalbigny.fr\/wp-content\/uploads\/2016\/11\/Email-Info.jpg 407w\" sizes=\"auto, (max-width: 300px) 85vw, 300px\" \/><\/p>\n<\/div>\n<div>N&rsquo;h\u00e9sitez pas \u00e0 demander \u00e0 recevoir nos annonces d&rsquo;\u00e9v\u00e8nements par email.<\/div>\n<div>\u00a0<\/div>\n<div>Visitez notre <strong>site facebook<\/strong> :<\/div>\n<p style=\"padding-left: 60px;\"><a href=\"https:\/\/www.facebook.com\/Amis-de-lorgue-de-Saint-Pierre-dAlbigny-2258115587784116\/\" target=\"_blank\" rel=\"noopener\"><img loading=\"lazy\" decoding=\"async\" class=\"wp-image-259 alignnone\" src=\"https:\/\/orguesaintpierredalbigny.fr\/wp-content\/uploads\/2019\/08\/Logo-Facebook.jpg\" alt=\"\" width=\"47\" height=\"48\" \/><\/a><\/p>\n<p>Voir \u00e9galement la <a href=\"http:\/\/www.saintpierredalbigny.fr\/fr\/association\/1\/21756\/amis-orgue-saint-pierre-albigny\" target=\"_blank\" rel=\"noopener\">page de l&rsquo;association sur le site de la ville de Saint-Pierre d&rsquo;Albigny<\/a><\/p>\n\n\n<p><\/p>\n","protected":false},"excerpt":{"rendered":"<p>Bienvenue\u00a0sur le site de l&rsquo;Association des amis de l&rsquo;orgue de Saint-Pierre-d&rsquo;Albigny &nbsp; &nbsp; Tous nos voeux pour 2026 !\u00a0Suivez le programme ! L&rsquo;association vous propose toujours des concerts de qualit\u00e9, une classe d&rsquo;orgue, et des visites de l&rsquo;orgue, lors des Journ\u00e9es du Patrimoine ou \u00e0 l&rsquo;occasion de passage d&rsquo;associations d&rsquo;organistes.\u00a0 Concert du Nouvel An &#8211; &hellip; <a href=\"https:\/\/orguesaintpierredalbigny.fr\/\" class=\"more-link\">Continuer la lecture<span class=\"screen-reader-text\"> de &laquo;&nbsp;Accueil&nbsp;&raquo;<\/span><\/a><\/p>\n","protected":false},"author":1,"featured_media":0,"parent":0,"menu_order":0,"comment_status":"closed","ping_status":"closed","template":"","meta":{"footnotes":""},"class_list":["post-61","page","type-page","status-publish","hentry"],"_links":{"self":[{"href":"https:\/\/orguesaintpierredalbigny.fr\/index.php?rest_route=\/wp\/v2\/pages\/61","targetHints":{"allow":["GET"]}}],"collection":[{"href":"https:\/\/orguesaintpierredalbigny.fr\/index.php?rest_route=\/wp\/v2\/pages"}],"about":[{"href":"https:\/\/orguesaintpierredalbigny.fr\/index.php?rest_route=\/wp\/v2\/types\/page"}],"author":[{"embeddable":true,"href":"https:\/\/orguesaintpierredalbigny.fr\/index.php?rest_route=\/wp\/v2\/users\/1"}],"replies":[{"embeddable":true,"href":"https:\/\/orguesaintpierredalbigny.fr\/index.php?rest_route=%2Fwp%2Fv2%2Fcomments&post=61"}],"version-history":[{"count":153,"href":"https:\/\/orguesaintpierredalbigny.fr\/index.php?rest_route=\/wp\/v2\/pages\/61\/revisions"}],"predecessor-version":[{"id":583,"href":"https:\/\/orguesaintpierredalbigny.fr\/index.php?rest_route=\/wp\/v2\/pages\/61\/revisions\/583"}],"wp:attachment":[{"href":"https:\/\/orguesaintpierredalbigny.fr\/index.php?rest_route=%2Fwp%2Fv2%2Fmedia&parent=61"}],"curies":[{"name":"wp","href":"https:\/\/api.w.org\/{rel}","templated":true}]}}

<figure id="attachment_4" aria-describedby="caption-attachment-4" style="width: 121px" class="wp-caption alignleft"><img loading="lazy" decoding="async" class="wp-image-4" src="https://orguesaintpierredalbigny.fr/wp-content/uploads/2016/11/orgue_St_Pierre012_eclaircie_allegee-R-240-C.jpg" alt="Orgue de Saint-Pierre d'Albigny" width="121" height="122" srcset="https://orguesaintpierredalbigny.fr/wp-content/uploads/2016/11/orgue_St_Pierre012_eclaircie_allegee-R-240-C.jpg 240w, https://orguesaintpierredalbigny.fr/wp-content/uploads/2016/11/orgue_St_Pierre012_eclaircie_allegee-R-240-C-150x150.jpg 150w" sizes="auto, (max-width: 121px) 85vw, 121px" /><figcaption id="caption-attachment-4" class="wp-caption-text">Orgue de Saint-Pierre-d&rsquo;Albigny</figcaption></figure>
<p>Bienvenue sur le site de l&rsquo;Association des amis de l&rsquo;orgue de <a href="http://www.saintpierredalbigny.fr/" target="_blank" rel="noopener">Saint-Pierre-d&rsquo;Albigny</a></p>
<p>&nbsp;</p>
<p>&nbsp;</p>
<p><strong>Tous nos voeux pour 2026 ! </strong><br />Suivez le programme ! L&rsquo;association vous propose toujours des concerts de qualité, une classe d&rsquo;orgue, et des visites de l&rsquo;orgue, lors des Journées du Patrimoine ou à l&rsquo;occasion de passage d&rsquo;associations d&rsquo;organistes. </p>
<h1>Concert du Nouvel An &#8211; A quatre mains &#8211;  18 janvier 2026 à 17h</h1>
<p>Avec Lucie et Alexis DROY (orgue). Un programme réjouissant à 4 mains , retransmis sur grand écran, avec Haendel, Muffat, Bach, Hesse, Carol, Mozart. </p>
<p><img loading="lazy" decoding="async" class="aligncenter size-large wp-image-573" src="https://orguesaintpierredalbigny.fr/wp-content/uploads/2026/01/Lucie-et-Alexis-Droy-horizontake-1024x683.jpg" alt="Lucie et Alexis DROY" width="840" height="560" srcset="https://orguesaintpierredalbigny.fr/wp-content/uploads/2026/01/Lucie-et-Alexis-Droy-horizontake-1024x683.jpg 1024w, https://orguesaintpierredalbigny.fr/wp-content/uploads/2026/01/Lucie-et-Alexis-Droy-horizontake-300x200.jpg 300w, https://orguesaintpierredalbigny.fr/wp-content/uploads/2026/01/Lucie-et-Alexis-Droy-horizontake-768x512.jpg 768w, https://orguesaintpierredalbigny.fr/wp-content/uploads/2026/01/Lucie-et-Alexis-Droy-horizontake-1536x1024.jpg 1536w, https://orguesaintpierredalbigny.fr/wp-content/uploads/2026/01/Lucie-et-Alexis-Droy-horizontake-2048x1366.jpg 2048w, https://orguesaintpierredalbigny.fr/wp-content/uploads/2026/01/Lucie-et-Alexis-Droy-horizontake-1200x800.jpg 1200w" sizes="auto, (max-width: 709px) 85vw, (max-width: 909px) 67vw, (max-width: 1362px) 62vw, 840px" />Entrée payante.</p>
<h1>Ensemble vocal Cantabile, et orgue &#8211;  10 mai à 17h</h1>
<p>L&rsquo;ensemble vocal Cantabile est originaire d&rsquo;Albertville. Il est dirigé par Blanche Latour. Avec Stan THEODAS à l&rsquo;orgue, que nous avions déjà reçu ici lorsqu&rsquo;il était un tout jeune talent. </p>
<p>Entrée payante. </p>
<h1>Audition des élèves de la classe d&rsquo;orgue de St-Pierre d&rsquo;Albigny &#8211; dimanche 7 juin à 17h</h1>
<p>La classe d&rsquo;orgue dont le professeur est Laurent Carle, propose une audition à entrée libre, pour vous faire découvrir tout ce qu&rsquo;on peut jouer sur cet orgue, sans être professionnel !  De tout débutants à élèves bien confirmés, ce nouveau rendez-vous bisannuel permettra de goûter de la musique d&rsquo;orgue par des musiciens amateurs locaux. </p>
<p>Entrée libre. </p>
<h1>Stage d&rsquo;orgue &#8211; juillet </h1>
<p>Un stage d&rsquo;orgue organisé par Thibaut DURET &amp; de nombreux organistes a lieu depuis 2025 en Savoie. L&rsquo;orgue de St-Pierre d&rsquo;Albigny fera partie des instruments dédiés à ce stage, et vous pourrez entendre le résultat. </p>
<h1>Journées du Patrimoine &#8211; samedi 19 septembre 10h-12h</h1>
<p>Venez découvrir l&rsquo;orgue de près à la tribune. Visite commentée et illustrations musicales. Enfants bienvenus. </p>
<h1> Orgue et Nyckelharpa- 27 septembre à 17h</h1>
<p>Elise ROLLIN (orgue) et Annette OSANN (Nyckelharpa)</p>
<p>Ce concert exceptionnel sera l&rsquo;occasion de découvrir un instrument rare, le Nyckelharpa, d&rsquo;origine suédoise. </p>
<p><img loading="lazy" decoding="async" class="aligncenter size-large wp-image-579" src="https://orguesaintpierredalbigny.fr/wp-content/uploads/2026/01/Nyckelharpa-1024x576.jpg" alt="" width="840" height="473" srcset="https://orguesaintpierredalbigny.fr/wp-content/uploads/2026/01/Nyckelharpa-1024x576.jpg 1024w, https://orguesaintpierredalbigny.fr/wp-content/uploads/2026/01/Nyckelharpa-300x169.jpg 300w, https://orguesaintpierredalbigny.fr/wp-content/uploads/2026/01/Nyckelharpa-768x432.jpg 768w, https://orguesaintpierredalbigny.fr/wp-content/uploads/2026/01/Nyckelharpa-1536x865.jpg 1536w, https://orguesaintpierredalbigny.fr/wp-content/uploads/2026/01/Nyckelharpa-2048x1153.jpg 2048w, https://orguesaintpierredalbigny.fr/wp-content/uploads/2026/01/Nyckelharpa-1200x675.jpg 1200w" sizes="auto, (max-width: 709px) 85vw, (max-width: 909px) 67vw, (max-width: 1362px) 62vw, 840px" /></p>
<p>Entrée payante. </p>
<p>&nbsp;</p>
<p>Musicalement,<br />L&rsquo;association des Amis de l&rsquo;Orgue de Saint-Pierre-d&rsquo;Albigny</p>
<div> </div>
<div>
<h1>Contacter l&rsquo;association :</h1>
</div>
<div>
<p>Vous pouvez contacter l&rsquo;association par mail :</p>
<p style="padding-left: 30px;"><img loading="lazy" decoding="async" class="size-medium wp-image-38 aligncenter" src="https://orguesaintpierredalbigny.fr/wp-content/uploads/2016/11/Email-Info-300x29.jpg" alt="" width="300" height="29" srcset="https://orguesaintpierredalbigny.fr/wp-content/uploads/2016/11/Email-Info-300x29.jpg 300w, https://orguesaintpierredalbigny.fr/wp-content/uploads/2016/11/Email-Info.jpg 407w" sizes="auto, (max-width: 300px) 85vw, 300px" /></p>
</div>
<div>N&rsquo;hésitez pas à demander à recevoir nos annonces d&rsquo;évènements par email.</div>
<div> </div>
<div>Visitez notre <strong>site facebook</strong> :</div>
<p style="padding-left: 60px;"><a href="https://www.facebook.com/Amis-de-lorgue-de-Saint-Pierre-dAlbigny-2258115587784116/" target="_blank" rel="noopener"><img loading="lazy" decoding="async" class="wp-image-259 alignnone" src="https://orguesaintpierredalbigny.fr/wp-content/uploads/2019/08/Logo-Facebook.jpg" alt="" width="47" height="48" /></a></p>
<p>Voir également la <a href="http://www.saintpierredalbigny.fr/fr/association/1/21756/amis-orgue-saint-pierre-albigny" target="_blank" rel="noopener">page de l&rsquo;association sur le site de la ville de Saint-Pierre d&rsquo;Albigny</a></p>


<p></p>

<p>Bienvenue sur le site de l&rsquo;Association des amis de l&rsquo;orgue de Saint-Pierre-d&rsquo;Albigny &nbsp; &nbsp; Tous nos voeux pour 2026 ! Suivez le programme ! L&rsquo;association vous propose toujours des concerts de qualité, une classe d&rsquo;orgue, et des visites de l&rsquo;orgue, lors des Journées du Patrimoine ou à l&rsquo;occasion de passage d&rsquo;associations d&rsquo;organistes.  Concert du Nouvel An &#8211; &hellip; <a href="https://orguesaintpierredalbigny.fr/" class="more-link">Continuer la lecture<span class="screen-reader-text"> de &laquo;&nbsp;Accueil&nbsp;&raquo;</span></a></p>
